der when ((-1)/(-1))/(2/198) is divided by (-144)/216*(0 - 51).
31
Let t = -352 - -373. What is the remainder when t is divided by 11?
10
Suppose 4*y + 10 + 18 = 0. Let i = y + 14. What is the remainder when 11 is divided by (i/(-3))/(1/(-3))?
4
Suppose 8 = 4*p, 5*o + 10*p = 5*p + 30. What is the remainder when 19 is divided by o?
3
Suppose -3*m - 666 = -4*a - m, 5*m + 25 = 0. Suppose a = 2*u - 0*u. What is the remainder when u is divided by 28?
26
Suppose 2*n = -3*w + 542, 3*w = n + 4*n - 1397. What is the remainder when n is divided by 40?
37
Let d be ((-2)/(-5))/((-2)/(-10)). Suppose 2*p + d = 12. Suppose -x + 4 = a + x, 3*x - 3 = 0. Calculate the remainder when p is divided by a.
1
Let d(i) = -3*i - 3*i + 2*i + 8. Let j = -150 + 146. Calculate the remainder when d(j) is divided by 9.
6
Let t = 33 + -32. Suppose 5*k - 5 = 0, -2*p + 21 = -4*k + t. What is the remainder when 58 is divided by p?
10
Let t(c) = -2*c - 58. Calculate the remainder when 325 is divided by t(-44).
25
Suppose -58 = -7*y + 537. Calculate the remainder when 339 is divided by y.
84
Suppose a + 50 = 5*a - c, 2*a - 2*c - 28 = 0. Let r(p) = 2*p**2 + 3*p - 30. Suppose -10 = 4*s - 6*s. What is the remainder when r(s) is divided by a?
11
Let r(g) = -15*g. Let b = 9 + -39. Calculate the remainder when (232/(-10))/(12/b) is divided by r(-1).
13
What is the remainder when 106 - (9 + (1 - 3)) is divided by 55?
44
Let q(x) = 24*x - 9. Let a(v) = v**2 - 5*v + 10. Let s be a(4). Let z be q(s). Calculate the remainder when 117 is divided by z/6*(-4)/(-3).
27
Let a = 264 + 431. Calculate the remainder when a is divided by 28.
23
Suppose j + 5 + 0 = 0, -4*y + 283 = -3*j. Suppose 0 = -3*k + k + 68. Calculate the remainder when y is divided by k.
33
Suppose 0 = 5*w - 5*f - 18 + 8, 0 = 2*w + 5*f - 11. Suppose -w*q + 149 - 38 = 0. What is the remainder when q is divided by 14?
9
Suppose w - 91 = -2*x + 2*w, w = -x + 41. Let i = 78 - x. Let g = 4 + i. What is the remainder when g is divided by 20?
18
Let h = 50 + -13. Suppose 2*m - a + 2 = 11, 0 = -5*m - 4*a + 3. Suppose 0 = -m*u + 4*d + 55, -3*d = u + 1 - 2. What is the remainder when h is divided by u?
11
Let o be 5/(-1) - (-8 - 2). Suppose 1265 = 5*k - 4*r, 6*k - o*k - 4*r - 237 = 0. What is the remainder when k is divided by 26?
23
Let s(r) be the third derivative of r**6/20 - r**5/15 + r**4/24 - r**3 + 17*r**2. Calculate the remainder when s(3) is divided by 14.
11
Suppose 0 = -7*c + 73 + 39. Suppose 122 = c*g - 86. Calculate the remainder when 33 is divided by g.
7
Let f(z) = z**3 - 3*z**2 - 5*z + 4. Let x(c) = -c**2 - 45*c - 192. Calculate the remainder when f(5) is divided by x(-40).
5
Suppose -i + 5*p + 9 = -2*i, -6 = 2*p. Suppose 0 = 4*c - r - 55, 3*c - 3*r = r + 38. Calculate the remainder when c is divided by i.
2
Suppose 33 = -5*o + 8. Let t = 7 + o. Suppose 0 = 2*c + c - t*m - 28, -3*c + m + 26 = 0. Calculate the remainder when 15 is divided by c.
7
Let o = 66 + 76. Let d = o + -9. Suppose 5*y + 2*f - d = -f, y - 2*f - 24 = 0. What is the remainder when y is divided by 9?
8
Suppose -5*w + 191 = -s - 2*s, -74 = -2*w + 2*s. Let p = w - 24. What is the remainder when 76 is divided by p?
12
Suppose 94*y - 4584 = -824. What is the remainder when 191 is divided by y?
31
Suppose 3*f = -f - 116. Let m = f - -53. What is the remainder when (-3)/(-12) - (-5)/(-8)*-150 is divided by m?
22
Let v = -13 - -12. Suppose 2*m + 23 = -5*h, 0*h - 10 = 5*m + 3*h. What is the remainder when m*(v + 0)*-53 is divided by 14?
11
Let y(u) = u**2 + u - 6. Let h be y(-8). Let r = h - 25. Let s(m) = 13*m**2 + m. What is the remainder when r is divided by s(1)?
11
Suppose 2*r - 74 = 18. Calculate the remainder when r is divided by 11.
2
Suppose -3*l + 90 = 2*l. Let d = -5 + l. Calculate the remainder when (-98)/6*(-1 + -2) is divided by d.
10
Let d(u) = -2*u**2 - 4*u - 7. Let w be d(-2). Let r be -63 + 0 - (6 + w). Let h = r - -92. Calculate the remainder when 117 is divided by h.
27
Suppose 20*z = 5*z + 60. Suppose z*w - 9 = 35. What is the remainder when 19 is divided by w?
8
Let t(s) = 29*s + 5. Let h(l) = 30*l + 4. Let k(n) = -4*h(n) + 3*t(n). What is the remainder when k(-2) is divided by 17?
14
Let w(n) = n**3 + 24*n**2 - 28*n - 6. Let d be w(-25). What is the remainder when 273 is divided by (-2)/(2 + -1)*d/(-3)?
43
Suppose 0 = -5*h + 3 + 62. Suppose 5*d - 38 = 3*v - 4*v, -5*v - 20 = -5*d. Calculate the remainder when h is divided by d.
6
Let m = -42 + 42. Suppose -3*v + 12 = 4*l, m*l + 3*l = -v + 14. What is the remainder when 9 + 0 + (1 - 3) is divided by l?
1
Suppose -95 = -74*r + 69*r. What is the remainder when r is divided by 16/3 + (-2)/6?
4
Calculate the remainder when 182 is divided by 2/10 - ((-432)/40 + 6).
2
Let m = -22 - -23. What is the remainder when 71 is divided by -15*9/(-15)*m?
8
Suppose 0 = 26*t - 40 - 142. What is the remainder when t is divided by 0 + 3 + -1 + 2?
3
Suppose -2*a - 6*a + 48 = 0. Suppose 216 = -a*o + 14*o. What is the remainder when o is divided by 5?
2
Suppose -2*c - 138 = -4*u, -3*u - 2*u = 4*c + 289. Let m = -38 - c. What is the remainder when m is divided by 18?
15
Let i = 117 - 99. Calculate the remainder when 106 is divided by i.
16
Let a = 21 + -15. Let m = -54 + 72. Suppose -12*x + 3*x = -m. What is the remainder when a is divided by x?
0
Let t(u) = 114*u**2 + u - 1. Let q be t(1). Suppose 52 = -2*m + q. Suppose 91 = -0*h + h. What is the remainder when h is divided by m?
29
Calculate the remainder when 3/(-6)*-6 + 178 is divided by 61.
59
Suppose x + 1 = -4. Let d be (-123)/x - 10/(-25). Let g = 36 - d. What is the remainder when 20 is divided by g?
9
Let k = 3348 + -3344. Let y(q) = q**2 - 7*q + 8. Let s be y(6). Suppose -m = -2*f - 12, f = s*m - 2*f - 19. What is the remainder when k is divided by m?
0
Suppose -4*p = -9*x + 4*x + 620, -4*p + 460 = 4*x. Suppose x = -68*s + 72*s. Calculate the remainder when 177 is divided by s.
27
Let l(c) = c**3 - 4*c**2 + 3*c. Let y be l(3). Suppose -x - 142 = -f - y*x, 0 = -5*x. Calculate the remainder when f is divided by 29.
26
Let k = 10 - 8. Let o be 2 + 0 + 2 + k. Let p = -1 + o. Calculate the remainder when p is divided by 3.
2
Let v = -21 + 68. Suppose 38 = -6*r + 50. Suppose -3*k - 41 = -r*f, -32 = -2*f - 4*k + 30. What is the remainder when v is divided by f?
22
Suppose -264 = -7*g - 15*g. Suppose w + 350 = 6*w. Calculate the remainder when w is divided by g.
10
Suppose 4*f = f + 201. Let n = -5 + 11. What is the remainder when f is divided by (-4)/n - 212/(-12)?
16
Let c = -12 - -103. What is the remainder when c is divided by 18?
1
Let n be (-57)/(-38) + 182/4. Suppose 2*z + 15 - n = 0. What is the remainder when 44 is divided by z?
12
What is the remainder when (3838/303)/(2 + (-4)/3) is divided by 6?
1
Suppose -3*x + 45 = -0*x. What is the remainder when -3*x/9 - -49 is divided by 13?
5
Let x(y) = y + 11. Let f be x(-7). Let p(r) = 1 - 4 + f + 3*r + r**2. Calculate the remainder when p(-6) is divided by 11.
8
Suppose 2*t - 18 - 104 = 0. Let v(b) be the second derivative of -b**5/20 + 5*b**3/6 + 2*b**2 - 4*b. What is the remainder when t is divided by v(-3)?
13
Let h(z) = -z**2 - 6*z - 3. Let l be h(-5). Suppose -2*y - w - 12 = -3, 3*y = l*w - 24. What is the remainder when y/(-9) + (-344)/(-6) is divided by 15?
13
Calculate the remainder when (1 + 721/(-14))/(2/(-4)) is divided by 8.
5
What is the remainder when 2/(-4)*575/23*-4 is divided by 23?
4
Let o be (-6)/12*(49 + -1). Calculate the remainder when 47 is divided by o*(-5)/(-10)*-1.
11
Suppose 49 + 3 = 4*h. Suppose -h = -5*f + 62. What is the remainder when f is divided by 3?
0
Let y(b) = b**3 + b**2. Let i be y(-1). Suppose i = 5*p - 0*p - 30. What is the remainder when p is divided by 4?
2
Calculate the remainder when ((-318)/8)/(39/(-52)) is divided by 29.
24
Let y = -1618 - -1620. Let q = -8 - -15. Calculate the remainder when q is divided by y.
1
Suppose 0*k - 3*a = k - 21, -4*k + 44 = 4*a. Let n be 6*1*8/k. Calculate the remainder when 57 is divided by (20/2)/(4/n).
17
Let v(x) = 23*x**2 - 5*x - 3. Suppose -l = -5*l + 4. What is the remainder when v(-2) is divided by (-204)/(-8) + l/(-2)?
24
Suppose 2*o + 6 = -3*k, 3*k - 3*o - 9 = 5*k. Suppose k = -2*t - 2. What is the remainder when t/(2*1/